{"id":10205,"date":"2021-08-25T07:26:28","date_gmt":"2021-08-25T06:26:28","guid":{"rendered":"https:\/\/idream.pt\/sur\/"},"modified":"2022-02-28T14:53:15","modified_gmt":"2022-02-28T14:53:15","slug":"sur","status":"publish","type":"page","link":"https:\/\/idream.pt\/fr\/sur\/","title":{"rendered":"Sur"},"content":{"rendered":"<div class=\"wpb-content-wrapper\"><p>[vc_row][vc_column]\n\t\t<div id=\"wd-61b1f412cf000\" class=\"title-wrapper wd-wpb wd-set-mb reset-last-child  wd-rs-61b1f412cf000 wd-title-color-default wd-title-style-default text-left  wd-underline-colored\">\n\t\t\t\n\t\t\t<div class=\"liner-continer\">\n\t\t\t\t<h1 class=\"woodmart-title-container title  wd-font-weight- wd-fontsize-xxl\" >histoire d\u2019iDream<\/h1>\n\t\t\t\t\t\t\t<\/div>\n\t\t\t\n\t\t\t\n\t\t\t\n\t\t<\/div>\n\t\t\n\t\t[vc_column_text woodmart_inline=\u00a0\u00bbno\u00a0\u00bb text_larger=\u00a0\u00bbno\u00a0\u00bb]La soci\u00e9t\u00e9 iDream, Lda, a \u00e9t\u00e9 cr\u00e9\u00e9e le 16 juillet 2012, pour poursuivre le service, que la d\u00e9l\u00e9gation sud (Algarve) de la soci\u00e9t\u00e9 Kalise Menorquina Group, SA a offert sur le march\u00e9 de l\u2019Algarve, \u00e0 travers l\u2019offre de cr\u00e8me glac\u00e9e dans le canal Horeca.<\/p>\n<p>Propri\u00e9taire de la soci\u00e9t\u00e9 Idream, Lda a \u00e9t\u00e9 pendant vingt-huit ans un employ\u00e9 du groupe Kalise Menorquina, SA, dont le travail a \u00e9t\u00e9 crucial pour la marque, Menorquina pour avoir la position qu\u2019elle occupe actuellement sur le march\u00e9 de l\u2019Algarve, \u00e0 la fois dans la ligne de produits Impulso et dans la ligne de produits desserts.<\/p>\n<p>C\u2019est, avec le m\u00eame sens du leadership, de la confiance, du respect, de l\u2019int\u00e9grit\u00e9 et de l\u2019engagement, envers ses clients internes et externes, que la direction actuelle entend continuer \u00e0 d\u00e9velopper l\u2019approvisionnement en produits alimentaires dans le secteur de la distribution au Portugal.[\/vc_column_text][vc_column_text woodmart_inline=\u00a0\u00bbno\u00a0\u00bb text_larger=\u00a0\u00bbno\u00a0\u00bb]<\/p>\n<h3>Notre vision<\/h3>\n<p>La vision d\u2019Idream est de devenir une entreprise de r\u00e9f\u00e9rence dans le secteur de la distribution alimentaire au Portugal.[\/vc_column_text][vc_column_text woodmart_inline=\u00a0\u00bbno\u00a0\u00bb text_larger=\u00a0\u00bbno\u00a0\u00bb]<\/p>\n<h3>Notre mission<\/h3>\n<p>iDream, Lda, a pour mission d\u2019agir dans le secteur de la distribution avec l\u2019engagement de fournir au march\u00e9 o\u00f9 elle op\u00e8re, des produits et des services de haute qualit\u00e9, \u00e0 des prix \u00e9quitables, assurant l\u2019excellence dans la satisfaction et la cr\u00e9ation de valeur pour nos clients, employ\u00e9s et fournisseurs.[\/vc_column_text][vc_column_text woodmart_inline=\u00a0\u00bbno\u00a0\u00bb text_larger=\u00a0\u00bbno\u00a0\u00bb]<\/p>\n<h3>Nos valeurs<\/h3>\n<p>Respecter et respecter toutes les normes de qualit\u00e9, de s\u00e9curit\u00e9 et de durabilit\u00e9 pertinentes pour assurer le bien-\u00eatre et la satisfaction de nos clients.<\/p>\n<p>Assurer une relation durable et durable avec nos partenaires, bas\u00e9e sur le respect, la confiance, l\u2019engagement et l\u2019int\u00e9grit\u00e9.<\/p>\n<p>Construire des relations bas\u00e9es sur des relations personnelles et professionnelles, offrant la garantie et la s\u00e9curit\u00e9 de nos produits \u00e0 tous ceux \u00e0 qui nous sommes li\u00e9s.<\/p>\n<p>Maintenir une vision \u00e0 long terme qui nous permet d\u2019obtenir des formes innovantes de comp\u00e9titivit\u00e9, en optimisant avec cr\u00e9ativit\u00e9 et rationalit\u00e9 les ressources dont nous disposons.<\/p>\n<p>Construire un processus de gestion, bas\u00e9 sur le progr\u00e8s continu de nos employ\u00e9s, en stimulant l\u2019interaction, l\u2019effort et la contribution de tous, afin que les r\u00e9sultats soient atteints.<\/p>\n<p>Maintenir une attitude prudente et autocritique qui nous guide vers la croissance, conscients de nos vertus et de nos faiblesses.[\/vc_column_text][\/vc_column][\/vc_row]<\/p>\n<\/div>","protected":false},"excerpt":{"rendered":"<p>[vc_row][vc_column][vc_column_text woodmart_inline=\u00a0\u00bbno\u00a0\u00bb text_larger=\u00a0\u00bbno\u00a0\u00bb]La soci\u00e9t\u00e9 iDream, Lda, a \u00e9t\u00e9 cr\u00e9\u00e9e le 16 juillet 2012, pour poursuivre le service, que la d\u00e9l\u00e9gation<\/p>\n","protected":false},"author":2,"featured_media":0,"parent":0,"menu_order":0,"comment_status":"closed","ping_status":"closed","template":"","meta":{"footnotes":""},"class_list":["post-10205","page","type-page","status-publish","hentry"],"_links":{"self":[{"href":"https:\/\/idream.pt\/fr\/wp-json\/wp\/v2\/pages\/10205","targetHints":{"allow":["GET"]}}],"collection":[{"href":"https:\/\/idream.pt\/fr\/wp-json\/wp\/v2\/pages"}],"about":[{"href":"https:\/\/idream.pt\/fr\/wp-json\/wp\/v2\/types\/page"}],"author":[{"embeddable":true,"href":"https:\/\/idream.pt\/fr\/wp-json\/wp\/v2\/users\/2"}],"replies":[{"embeddable":true,"href":"https:\/\/idream.pt\/fr\/wp-json\/wp\/v2\/comments?post=10205"}],"version-history":[{"count":2,"href":"https:\/\/idream.pt\/fr\/wp-json\/wp\/v2\/pages\/10205\/revisions"}],"predecessor-version":[{"id":10239,"href":"https:\/\/idream.pt\/fr\/wp-json\/wp\/v2\/pages\/10205\/revisions\/10239"}],"wp:attachment":[{"href":"https:\/\/idream.pt\/fr\/wp-json\/wp\/v2\/media?parent=10205"}],"curies":[{"name":"wp","href":"https:\/\/api.w.org\/{rel}","templated":true}]}}

<div class="wpb-content-wrapper"><p>[vc_row][vc_column]
		<div id="wd-61b1f412cf000" class="title-wrapper wd-wpb wd-set-mb reset-last-child  wd-rs-61b1f412cf000 wd-title-color-default wd-title-style-default text-left  wd-underline-colored">
			
			<div class="liner-continer">
				<h1 class="woodmart-title-container title  wd-font-weight- wd-fontsize-xxl" >histoire d’iDream</h1>
							</div>
			
			
			
		</div>
		
		[vc_column_text woodmart_inline= »no » text_larger= »no »]La société iDream, Lda, a été créée le 16 juillet 2012, pour poursuivre le service, que la délégation sud (Algarve) de la société Kalise Menorquina Group, SA a offert sur le marché de l’Algarve, à travers l’offre de crème glacée dans le canal Horeca.</p>
<p>Propriétaire de la société Idream, Lda a été pendant vingt-huit ans un employé du groupe Kalise Menorquina, SA, dont le travail a été crucial pour la marque, Menorquina pour avoir la position qu’elle occupe actuellement sur le marché de l’Algarve, à la fois dans la ligne de produits Impulso et dans la ligne de produits desserts.</p>
<p>C’est, avec le même sens du leadership, de la confiance, du respect, de l’intégrité et de l’engagement, envers ses clients internes et externes, que la direction actuelle entend continuer à développer l’approvisionnement en produits alimentaires dans le secteur de la distribution au Portugal.[/vc_column_text][vc_column_text woodmart_inline= »no » text_larger= »no »]</p>
<h3>Notre vision</h3>
<p>La vision d’Idream est de devenir une entreprise de référence dans le secteur de la distribution alimentaire au Portugal.[/vc_column_text][vc_column_text woodmart_inline= »no » text_larger= »no »]</p>
<h3>Notre mission</h3>
<p>iDream, Lda, a pour mission d’agir dans le secteur de la distribution avec l’engagement de fournir au marché où elle opère, des produits et des services de haute qualité, à des prix équitables, assurant l’excellence dans la satisfaction et la création de valeur pour nos clients, employés et fournisseurs.[/vc_column_text][vc_column_text woodmart_inline= »no » text_larger= »no »]</p>
<h3>Nos valeurs</h3>
<p>Respecter et respecter toutes les normes de qualité, de sécurité et de durabilité pertinentes pour assurer le bien-être et la satisfaction de nos clients.</p>
<p>Assurer une relation durable et durable avec nos partenaires, basée sur le respect, la confiance, l’engagement et l’intégrité.</p>
<p>Construire des relations basées sur des relations personnelles et professionnelles, offrant la garantie et la sécurité de nos produits à tous ceux à qui nous sommes liés.</p>
<p>Maintenir une vision à long terme qui nous permet d’obtenir des formes innovantes de compétitivité, en optimisant avec créativité et rationalité les ressources dont nous disposons.</p>
<p>Construire un processus de gestion, basé sur le progrès continu de nos employés, en stimulant l’interaction, l’effort et la contribution de tous, afin que les résultats soient atteints.</p>
<p>Maintenir une attitude prudente et autocritique qui nous guide vers la croissance, conscients de nos vertus et de nos faiblesses.[/vc_column_text][/vc_column][/vc_row]</p>
</div>

<p>[vc_row][vc_column][vc_column_text woodmart_inline= »no » text_larger= »no »]La société iDream, Lda, a été créée le 16 juillet 2012, pour poursuivre le service, que la délégation</p>
